pose 0 = -t*q - 5*a + 46, -8 = -0*q - q - 3*a. What is the tens digit of q?
1
What is the thousands digit of -6 + 9 + -6 - -2556?
2
Let w = 56 + -57. What is the units digit of 2 + (-1)/(w/46)?
8
What is the hundreds digit of 4 - (-12)/(-6) - -581?
5
Suppose -2*q + 2 = -l, -4*q + 2*l = q - 7. Let b = 23 - q. What is the tens digit of b?
2
Suppose -4*u - 2*o - 4 = 0, -4*o = -4*u + 2*u + 8. Let d be -8 - (1 - 2 - u). What is the tens digit of (-121)/d + 4/(-14)?
1
Suppose 0 = -4*t + 5*t + 9. Let h = t + 35. What is the tens digit of h?
2
Let f = 9 - 197. What is the tens digit of (-4)/6 - f/3?
6
Let b be 1/((-4)/(-4)) + -123. What is the hundreds digit of 7/21*(0 + 0) - b?
1
Let q(l) = 28*l + 149. What is the units digit of q(16)?
7
Let p = 117 - -73. Let d = -78 + p. What is the hundreds digit of d?
1
Suppose 4*y - 1281 = 5*o, o = -3*y + 232 + 705. What is the units digit of y?
4
Let d be (-128)/(-192)*-27*2/(-4). Suppose -631 - 665 = -d*z. What is the hundreds digit of z?
1
Let p be 10*(9/15 - 0). Let g = p + 19. What is the tens digit of g?
2
Let a = 177 + -71. Suppose a*w = 111*w - 870. What is the tens digit of w?
7
Let y be -3 + (0 - (-7 - -2)). Suppose -744 = -f - y*f. What is the units digit of f?
8
Let u(v) = v**2 + 8*v - 8. Let f be u(-9). Suppose f - 13 = -3*i. What is the tens digit of (-34)/i*6/(-3)?
1
Suppose 0 = 5*q - 2*y - 170, 0 = 4*q - q - 5*y - 121. Suppose -2*h + q + 66 = 0. What is the tens digit of h?
4
Suppose -2*p + 5*t = -4*p + 26, p = -t + 7. Suppose 0 = -s, a - p*s - 24 = -5. Suppose -g = -a + 2. What is the tens digit of g?
1
Let v(c) = -c**2 + 9*c - 17. Let q be v(5). Suppose -3*b + 0*l = -l - 490, b + q*l - 160 = 0. What is the units digit of b?
3
Suppose 2*c - 18 = 28. Let z = c - -39. What is the tens digit of z?
6
Let z(f) = -f - 17 - 2*f - 4*f. What is the units digit of z(-8)?
9
Suppose -2*v + v + 3*x = 15, -3*x = -2*v - 21. Let a(f) = 3*f**2 + 2*f - 6. What is the units digit of a(v)?
0
Let i(t) = 24*t**2 - 11*t - 178. What is the hundreds digit of i(-11)?
8
What is the units digit of 68/10*(-13)/(104/(-560))?
6
Let u be (0 + 1 + (-12)/(-36))*15. Let q = 23 + u. What is the units digit of q?
3
Let q(t) = -64 + 0*t + 9*t + 68. Let a be (-5 + 2)/(6/(-8)). What is the units digit of q(a)?
0
Let n(j) = -2*j**3 + 101*j**2 - 25*j + 5. What is the units digit of n(50)?
5
Suppose 90 + 94 = 2*x. Suppose -4*v + x = -124. What is the tens digit of v?
5
Let h(s) = -2*s - 4. Let o be h(8). Let d be (64/o - -2)*-10. Suppose -4*u = -u - d. What is the units digit of u?
4
What is the hundreds digit of ((-2)/3)/(22/(-42702))?
2
Let y be ((-3)/4)/((-10)/560). Let u be y/15 + (-1)/(-5). Suppose 164 = 7*f - u*f. What is the tens digit of f?
4
Let b = -34 - -38. Suppose -3*w = -2*w + b*n - 92, -5*w + 511 = 3*n. What is the units digit of w?
4
Let y = -1136 + 2104. What is the units digit of y?
8
Let t = -2921 - -4997. What is the units digit of t?
6
Let b = 51 + -42. Suppose 2*w - 564 = -5*r, b*w - 105 = -r + 6*w. What is the tens digit of r?
1
Suppose 0 = -4*h - 4*c + 4224, -h - 3*c + 705 + 355 = 0. What is the units digit of h?
4
Let x(t) = 3*t + 3. Let j be x(-2). Let m = 7 + j. Let z = 5 - m. What is the units digit of z?
1
Let s = 43 + -74. Let t = s - 23. What is the tens digit of t/(-15)*30/9?
1
Let t = -433 + 693. What is the hundreds digit of t?
2
Suppose 11 = 3*f - 7. Let d be (-2 - -2)*(-3)/f. Suppose -3*r - 3*y + 144 = 0, 0 = y - 5 - d. What is the tens digit of r?
4
Let r(m) = 2*m**3 - 9*m**2 - 8*m - 16. What is the hundreds digit of r(10)?
0
Let l = -31 - -32. Let k(w) = w**2 + 1. Let q be k(l). Suppose -8 = -q*j + j. What is the units digit of j?
8
Suppose 2*u - 276 = -k + 5*k, -2*k + 390 = 3*u. What is the hundreds digit of u?
1
Let x = 77 + -70. Suppose -6 - 932 = -x*h. What is the hundreds digit of h?
1
Let x(k) = k**2 - k + 2. Let w be x(5). Suppose 0 = -4*f + 2 + w. Suppose -f*p + 15 = -p. What is the units digit of p?
3
Let w(r) = -15*r + 7. Let o be w(-6). Suppose 0 = 3*v - j - o, -v = 4*v + 4*j - 139. Let u = v + -15. What is the units digit of u?
6
Let g(w) = -76*w + 3. Let r be g(-2). Suppose -571 = -8*j - r. What is the tens digit of j?
5
Suppose w + 3*q - 3036 = 0, 3*q = 3*w + w - 12114. What is the units digit of w?
0
Let w(t) = t**3 + 5*t**2 + 4*t + 7. Let j be w(-3). Let d = 44 - j. Suppose d*x - 29*x - 98 = 0. What is the units digit of x?
9
Let c = 35 + -27. Let p = c + -5. Suppose -n = p*n, 5*v - 320 = -n. What is the units digit of v?
4
What is the units digit of (-5)/(-30) + 3046/12?
4
Let d(l) = 9*l**3 + 3*l**2 + 3*l - 1. Let z(g) = -5*g**3 - g**2 - g + 1. Let m(b) = 4*d(b) + 7*z(b). What is the units digit of m(-3)?
6
Suppose 0 = -12*y + 9*y + 147. Suppose 3*f = i - 0*i - y, 4*f = i - 52. What is the tens digit of i?
4
Suppose 4*q - 1251 - 821 = 0. What is the hundreds digit of q?
5
Let n = -68 - -72. Suppose -n*g - o + 230 = o, 4*g + 3*o = 225. What is the tens digit of g?
6
Let g(w) be the third derivative of -11*w**4/12 - w**3/3 - 6*w**2. Let o be g(-3). Suppose 16 = -3*x + o. What is the tens digit of x?
1
Suppose -3*b + 5*u = -0*u - 3025, 0 = -2*u - 10. What is the hundreds digit of b?
0
Let i = -64 - -196. What is the hundreds digit of i?
1
Suppose 4*b + 51 = 3*l, -l + 0*l = -3*b - 32. Let p(i) = 2 + 948*i**3 - 8*i**2 + 6*i - 475*i**3 - 474*i**3. What is the units digit of p(b)?
9
Suppose 2*p + 38 = -p + 2*m, -2*p + 2*m = 28. Let b(c) = -16*c - 29. What is the hundreds digit of b(p)?
1
What is the hundreds digit of (49*(-154)/35)/(1/(-5))?
0
Let z(n) = n**3 - 24*n**2 + 51*n - 3. What is the units digit of z(23)?
1
Suppose 2*i - 9 = 5*i. Let q(p) = p**3 + 6*p**2 + p. What is the tens digit of q(i)?
2
Let d(z) = 3*z + 6*z**2 - 1 + 2*z**3 + 11*z - 6*z + 7. Let p be d(-3). Let m(s) = -3*s - 33. What is the units digit of m(p)?
1
Suppose -4*h + 5*u - 3 = -55, -h + 34 = 4*u. Suppose -3*i = -h - 18. What is the units digit of i?
2
Let c(b) = -3*b**2 - 45*b + 3. What is the tens digit of c(-13)?
8
Let g be ((-13)/2 + 5)/(6/(-8)). Suppose -y - 3*p + 417 = y, 0 = g*p + 2. What is the hundreds digit of y?
2
Let m(l) = -31*l - 1007. What is the tens digit of m(-59)?
2
Let b = 216 - 327. Let p = -32 - b. What is the units digit of p?
9
Let d be 6 - -2 - (-1)/(-1)*-1. Let z(k) = k**2 - 6*k + 22. What is the units digit of z(d)?
9
Suppose 44 = 7*p - 33. What is the tens digit of -2 + 2 + 3/3 + p?
1
Let w = -31 + 36. Suppose 2*o = -w*q + 15 + 197, 0 = 2*o - q - 188. What is the tens digit of o?
9
Let l = 359 - 54. What is the hundreds digit of l?
3
Let t(s) = 5*s**3 - 7*s**2 + 5. Let o be t(5). Suppose 0 = -2*z - 3*z + o. What is the units digit of z?
1
Suppose 4*j + 8 - 28 = -2*w, 12 = 4*j + 4*w. Let v = -124 + 135. Let n = v - j. What is the units digit of n?
4
Suppose -4*x = -3*x + 5, 3*c = -4*x + 40. Let p be (-4)/(c/(-125)) + -1. Suppose v - 3*d = 21, -v = -3*d - d - p. What is the tens digit of v?
1
Let t(n) = -10*n - 4. Let p(b) = 30*b + 12. Let a(h) = 4*p(h) + 11*t(h). Let k be a(3). What is the tens digit of (-3)/3 + k/2?
1
Suppose -j - 6 = -5*l - 16, -4*l - 19 = -3*j. Suppose 2*o + j = 3*o. Suppose -2*f + 4*c = -62, o*c - 140 = f - 6*f. What is the tens digit of f?
2
Let n = -195 + 155. Let o = 249 - n. What is the units digit of o?
9
Let w(n) = 117*n - 11. What is the units digit of w(11)?
6
What is the thousands digit of 5678 - (1 + -26)/(-5)?
5
Suppose 2*w + 9*w = 4653. What is the hundreds digit of w?
4
Let o(v) = -4*v + 6. Let s(w) = 4*w - 5. Let u(y) = -6*o(y) - 5*s(y). What is the tens digit of u(8)?
2
Let o = 11 + 409. What is the hundreds digit of o?
4
Let l(y) = -2*y + 28. Let o be l(9). Suppose -46*p = -51*p + o. What is the units digit of p?
2
Suppose 4*g - 5*v + 2*v = 6707, 4*v = -4. What is the tens digit of g?
7
Suppose i = 4*b - 264, 8*i + 16 = 4*i. What is the tens digit of b?
6
Suppose 2*h = -2, 0*h + 1 = b - 3*h. Let z be (-3)/(-2)*(-15 - 3). Let q = b - z. What is the tens digit of q?
2
Suppose 4*x = -2*x - 228. Let l = 29 - x. What is the units digit of l?
7
Let k = -1 - -2. Suppose k + 127 = 2*g + 4*c, -c = -3. What is the units digit of g?
8
Suppose -20 = -5*v - g + 5, 0 = 3*v - 2*g - 28. Suppose 366 = v*y - 3*y. What is the hundreds digit of y?
1
Suppose s - 2*o - 3